ousands digit of 31740?
1
What is the units digit of 5405?
5
What is the units digit of 1362?
2
What is the hundreds digit of 370?
3
What is the thousands digit of 4609?
4
What is the thousands digit of 1743?
1
What is the ten thousands digit of 86336?
8
What is the tens digit of 3536?
3
What is the units digit of 177?
7
What is the hundreds digit of 4430?
4
What is the tens digit of 2458?
5
What is the hundreds digit of 2223?
2
What is the units digit of 1822?
2
What is the tens digit of 1100?
0
What is the ten thousands digit of 47674?
4
What is the tens digit of 216?
1
What is the thousands digit of 9442?
9
What is the thousands digit of 19267?
9
What is the tens digit of 2290?
9
What is the thousands digit of 18989?
8
What is the tens digit of 37225?
2
What is the tens digit of 3773?
7
What is the tens digit of 18776?
7
What is the thousands digit of 14252?
4
What is the hundreds digit of 54636?
6
What is the units digit of 17005?
5
What is the tens digit of 7004?
0
What is the hundreds digit of 1012?
0
What is the units digit of 552?
2
What is the units digit of 7167?
7
What is the units digit of 53?
3
What is the tens digit of 573?
7
What is the units digit of 988?
8
What is the thousands digit of 1537?
1
What is the units digit of 47380?
0
What is the thousands digit of 4030?
4
What is the thousands digit of 10455?
0
What is the tens digit of 77219?
1
What is the units digit of 495?
5
What is the thousands digit of 1528?
1
What is the thousands digit of 9927?
9
What is the units digit of 594?
4
What is the units digit of 1148?
8
What is the hundreds digit of 588?
5
What is the units digit of 3116?
6
What is the thousands digit of 5277?
5
What is the hundreds digit of 7022?
0
What is the units digit of 1542?
2
What is the units digit of 850?
0
What is the thousands digit of 1064?
1
What is the thousands digit of 52835?
2
What is the hundreds digit of 641?
6
What is the tens digit of 54653?
5
What is the thousands digit of 1932?
1
What is the hundreds digit of 164604?
6
What is the units digit of 3039?
9
What is the tens digit of 295?
9
What is the thousands digit of 3880?
3
What is the units digit of 1697?
7
What is the hundreds digit of 64442?
4
What is the thousands digit of 23217?
3
What is the hundreds digit of 413?
4
What is the units digit of 2729?
9
What is the units digit of 639?
9
What is the tens digit of 612?
1
What is the units digit of 539?
9
What is the tens digit of 1319?
1
What is the thousands digit of 2184?
2
What is the tens digit of 859?
5
What is the thousands digit of 27151?
7
What is the units digit of 52122?
2
What is the units digit of 4629?
9
What is the hundreds digit of 2814?
8
What is the hundreds digit of 149774?
7
What is the tens digit of 1286?
8
What is the hundreds digit of 28005?
0
What is the thousands digit of 15463?
5
What is the units digit of 9172?
2
What is the units digit of 81?
1
What is the ten thousands digit of 34495?
3
What is the tens digit of 89495?
9
What is the ten thousands digit of 37954?
3
What is the hundreds digit of 8443?
4
What is the thousands digit of 20195?
0
What is the hundreds digit of 760?
7
What is the units digit of 2296?
6
What is the units digit of 124301?
1
What is the units digit of 11491?
1
What is the units digit of 2864?
4
What is the hundreds digit of 394?
3
What is the units digit of 17097?
7
What is the ten thousands digit of 27052?
2
What is the units digit of 406?
6
What is the thousands digit of 1075?
1
What is the hundreds digit of 1763?
7
What is the tens digit of 6831?
3
What is the tens digit of 1686?
8
What is the thousands digit of 24788?
4
What is the units digit of 1911?
1
What is the hundreds digit of 49559?
5
What is the ten thousands digit of 10729?
1
What is the units digit of 893?
3
What is the units digit of 2143?
3
What is the hundreds digit of 1739?
7
What is the thousands digit of 135532?
5
What is the units digit of 11486?
6
What is the ten thousands digit of 31523?
3
What is the hundreds digit of 415?
4
What is the units digit of 4201?
1
What is the units digit of 1760?
0
What is the hundreds digit of 979?
9
What is the thousands digit of 10357?
0
What is the tens digit of 14173?
7
What is the tens digit of 14554?
5
What is the units digit of 4828?
8
What is the tens digit of 80?
8
What is the thousands digit of 5084?
5
What is the thousands digit of 23621?
3
What is the thousands digit of 13515?
3
What is the ten thousands digit of 33675?
3
What is the hundreds digit of 18201?
2
What is the thousands digit of 77997?
7
What is the thousands digit of 51684?
1
What is the thousands digit of 3725?
3
What is the tens digit of 1205?
0
What is the units digit of 81?
1
What is the units digit of 1840?
0
What is the hundreds digit of 3972?
9
What is the hundreds digit of 70322?
3
What is the tens digit of 511?
1
What is the ten thousands digit of 22186?
2
What is the tens digit of 3664?
6
What is the units digit of 597?
7
What is the units digit of 2809?
9
What is the hundreds digit of 152356?
3
What is the thousands digit of 33847?
3
What is the tens digit of 52821?
2
What is the thousands digit of 9991?
9
What is the units digit of 122?
2
What is the hundreds digit of 16689?
6
What is the hundreds digit of 524?
5
What is the ten thousands digit of 70595?
7
What is the hundreds digit of 299?
2
What is the tens digit of 993?
9
What is the tens digit of 1020?
2
What is the hundreds digit of 10041?
0
What is the tens digit of 24852?
5
What is the thousands digit of 83119?
3
What is the hundreds digit of 6107?
1
What is the hundreds digit of 1295?
2
What is the units digit of 814?
4
What is the units digit of 522?
2
What is the hundreds digit of 58585?
5
What is the thousands digit of 2069?
2
What is the tens digit of 426?
2
What is the units digit of 106?
6
What is the tens digit of 6438?
3
What is the hundreds digit of 62532?
5
What is the hundreds digit of 508?
5
What is the hundreds digit of 1502?
5
What is the tens digit of 176?
7
What is the tens digit of 2721?
2
What is the thousands digit of 1006?
1
What is the hundreds digit of 2061?
0
What is the tens digit of 208?
0
What is the tens digit of 1255?
5
What is the tens digit of 69673?
7
What is the hundreds digit of 42510?
5
What is the tens digit of 3409?
0
What is the ten thousands digit of 18490?
1
What is the thousands digit of 3003?
3
What is the hundreds digit of 270?
2
What is the ten thousands digit of 26421?
2
What is the units digit of 61168?
8
What is the units digit of 62953?
3
What is the tens digit of 183840?
4
What is the hundreds digit of 14181?
1
What is the hundreds digit of 1665?
6
What is the tens digit of 83606?
0
What is the units digit of 5965?
5
What is the thousands digit of 37936?
7
What is the tens digit of 936?
3
What is the thousands digit of 14949?
4
What is the hundreds digit of 42785?
7
What is the units digit of 161?
1
What is the tens digit of 4492?
9
What is the units digit of 58157?
7
What is the thousands digit of 1066?
1
What is the units digit of 1729?
9
What is the hundreds digit of 4903?
9
What is the tens digit of 27511?
1
What is the hundreds digit of 20134?
1
What is the units digit of 1393?
3
What is the tens digit of 1776?
7
What is the units digit of 1014?
4
What is the tens digit of 13744?
4
What is the hundreds digit of 155?
1
What is the thousands digit of 22709?
2
What is the hundreds digit of 7194?
1
What is the hundreds digit of 58090?
0
What is the units digit of 539?
9
What is the thousands digit of 4914?
4
What is the units digit of 155161?
1
What is the ten thousands digit of 15187?
1
What is the hundreds digit of 4681?
6
What is the tens digit of 168936?
3
What is the units digit of 12134?
4
What is the thousands digit of 56611?
6
What is the units digit of 15878?
8
What is the hundreds digit of 26234?
2
What is the hundreds digit of 1556?
5
What is the tens digit of 1152?
5
What is the tens digit of 76347?
4
What is the thousands digit of 2817?
2
What is the tens digit of 1055?
5
What is the units digit of 1297?
7
What is the hundreds digit of 167?
1
What is the units digit of 8789?
9
What is the tens digit of 5677?
7
What is the hundreds digit of 1605?
6
What is the units digit of 82399?
9
What is the thousands digit of 3856?
3
W